s the value of 89 + (135 + -112 - 54)?
58
What is -17 - (4 - 7 - (-242 + 397))?
141
Evaluate -15 - (-1 - (15 - -1)) - (9 + 88).
-95
Evaluate -95 + (-4 - 0) + (-66 - -67) - -16.
-82
Calculate -45 - (19 + -131 + 47).
20
What is -46 + (44 - 5) + 82 + -41?
34
What is the value of 14 + (-17 - 43 - -22)?
-24
Calculate -7 + (-129 - -152) + 38.
54
Calculate 58 + -10 + -19 - -24.
53
What is the value of (-9 - (-12 - -9)) + (-3 - -7) + 5 + 26?
29
What is the value of (42 - (-3 + (22 - -7))) + -48?
-32
Calculate (-4 - (0 + 5)) + (-43 - 51) + 34.
-69
(-22 - (17 - 9)) + 2 + (-12 - -7)
-33
What is the value of (-24 - -49 - (19 + 1)) + -33?
-28
-81 + (202 - (12 - -65))
44
(-3 - 6) + -10 + (-5 - -10) - 4
-18
-56 + 26 + 27 - -8 - (-1 + -1)
7
Calculate -13 - (4 + -17 + 1 + (-2 - (-26 - 1))).
-26
-88 + 84 - (-12 + -24 + -6)
38
What is 75 + -41 + 33 + -10?
57
Calculate (-16 - (-45 - -7 - -20) - -14) + (1 - 5).
12
What is -96 + 17 - -21 - -21?
-37
What is the value of 148 - 154 - (-24 - -4) - 0?
14
Evaluate -159 - -60 - -155 - 84.
-28
Calculate -70 - -254 - (76 + 68).
40
What is the value of -41 - ((-15 - 1) + (512 - 498))?
-39
(38 - -67) + (-377 - -256)
-16
What is the value of (11 - 1) + -117 + 114 - -5 - -8?
20
11 + 1 + -12 - 63 - (3 + 0 - 10)
-56
What is -7 - -11 - -7 - ((9 - (18 - 7)) + -122)?
135
5 - (4 + (14 - (7 + -1 - -2 - 3)))
-8
What is the value of 65 + (-13 - 16) + -6 + -12?
18
Calculate (13 - 27) + (0 - 0 - (16 - (15 + -3))).
-18
Evaluate -12 + 3 + (80 - 64) + 8.
15
Calculate (83 - 104) + (29 - 0) - ((0 - 2) + 11).
-1
Evaluate (0 - -26) + (-92 - -106) - -9.
49
What is the value of 24 - (-54 - (-124 + 42))?
-4
47 + -1 + (-95 - -192 - 114)
29
10 - 1 - (-1 - 1) - (-2769 + 2693)
87
What is (4 - 13 - (-11 + 0)) + -5 - -37?
34
What is the value of -21 - (-120 + (-28 - -55) + (8 - 26))?
90
What is (124 - 89 - 42) + 86?
79
Calculate (38 - (-3 - -3)) + (14 - 2) + 3 + -22.
31
Calculate 46 + -122 + 61 - -119.
104
Calculate -24 + (24 - 5 - (-11 - 77)).
83
Calculate 2 + -7 + -19 + 22 + (-4 - 30).
-36
-10 - (20 - (6 - (1 + 15 - 10)))
-30
What is the value of (-4 - (-10 + 91)) + 57?
-28
What is the value of -37 - (85 + -52 - 26)?
-44
What is the value of -34 + (-148 - -19) + 49?
-114
What is the value of -30 - ((2 - 21) + (7 - -22 - 14))?
-26
What is the value of -105 - (1 - (60 - -58))?
12
Calculate 6 + (-6 - (5 - (-6 - -5))) - 5.
-11
Evaluate -178 + 259 - (-11 + 4).
88
-4 + 18 + (138 - 131) - -16
37
What is the value of 0 + 4 + 0 + -36 - (-1 + 1 + -7)?
-25
What is (75 - 91 - (2 - 41)) + -22?
1
17 - ((194 - 172) + 0 + 41)
-46
What is (5 - -27) + -62 + 27 + 17?
14
Calculate 0 + -7 - (-5 + (-6 + 13 - 6)).
-3
Evaluate (1 + 2 + -5 - 2) + -16 + -13 + 89.
56
What is -13 + (-1 - 9) + (-34 - -7 - -37)?
-13
What is the value of -155 + 112 - (2 - 8 - (-7 + 0))?
-44
What is the value of (213 - 216) + 68 + 9?
74
172 + -172 + (-24 - 1) + 96
71
What is -28 + -18 + (59 - 60)?
-47
What is -2244 + 2264 + -14 + (0 - (-1 - 2))?
9
Evaluate 42 + (-458 - -452 - (0 + -1)).
37
What is the value of 9 + 46 + -29 + 57?
83
-37 + 2 - (-1278 - -1274)
-31
Calculate (14 - (-26 - -43 - -102)) + (4 - (1 + 2)).
-104
What is 41 + (140 - 43) - 33?
105
-49 - -3 - (32 + 40 + -93)
-25
(-53 - -42) + 5 + (4 - -1) - 11 - -37
25
Calculate (-1 - (-1 + -2 - -5)) + 5 + (19 - 33).
-12
Calculate -1 + -9 - (140 - 266 - -89).
27
Calculate (-35 - -40 - -34) + -48.
-9
What is the value of 11 + -13 - -63 - ((3 + 0 - 6) + -6)?
70
What is the value of -36 + 16 + 26 - (0 + (-3 - -6) + 86)?
-83
-56 + 62 + 4 + -38 + 74
46
Evaluate (0 - 1) + -28 + (-2894 - -2983).
60
What is (35 - 148) + -2 + 0 + -34 + 50?
-99
What is the value of 295 + -296 - ((-36 - (-20 - -12)) + -2 + 0)?
29
Evaluate 2 + (17 - (1 - (-2 + -1))) + -27.
-12
What is -14 - ((8 - -18) + -81)?
41
-2 + 1 + -23 - ((-22 - -2) + -1252 + 1275)
-27
Evaluate -21 + (-8 - -39) - (12 - 17 - -54).
-39
What is 50 - 1 - (-542 - -579) - -40?
52
(-2 + 9 - (-64 + 39 + 31) - -14) + -98
-83
What is the value of -16 - (-54 - (3 + 13 + -11))?
43
Evaluate 11 - ((-27 - -43) + -4 + 0 + -1).
0
Calculate 13 + (-7 - 55) - (-2 + -1 - (-8 + -4)).
-58
94 - (129 - (-68 + 114))
11
147 + -92 + -176 - -118
-3
-1 - 12 - (-1527 - -1567)
-53
(749 - 737) + (3 + 0 - (-2 - -7) - 12)
-2
Evaluate (-23 - (-1 + 13 + -20)) + (-3 - -21).
3
54 + -6 - (18 + (92 - 71))
9
Calculate 6 + (29 - -4) + (-34 + -23 - -56).
38
What is 55 + (-38 + -50 - -32)?
-1
Evaluate 11 + (-3 - 1) + -3 - (-199 - -152).
51
What is 0 + (2 - -12 - (-43 - (-158 + 62)))?
-39
What is the value of -11 + -19 + 18 - -31 - -12?
31
What is the value of (1 - (0 - -8)) + (-8 + 8 - -28) + -66?
-45
Evaluate 1 + 14 + 0 + -130 + 118.
3
What is the value of -13 + (18 + -2 - -15)?
18
What is -35 - (-35 + 22 + 17) - -3?
-36
(1 + -4 + -108 - 2) + (-4414 - -4399) - -9
-119
Calculate 30 + 33 + -50 + 34.
47
Evaluate -12 - 13 - -18 - (-62 - -76).
-21
-8 - ((-18 - -30) + 3 + 2) - 2
-27
4 + (9 + -38 - -49)
24
-230 - -247 - (-26 + (-3 - -5))
41
What is (44 - 22) + (3 - (-13 + 13 + 12))?
13
-4 + 20 + 13 + -11 + (-17 - -27)
28
Calculate 9 - -11 - (-33 + 67) - 0.
-14
What is the value of (33 + (34 - 73) - (-2 + 8)) + -39?
-51
Evaluate 9 + 4 + -22 + (1 + 64 - (-35 - -40)).
51
What is the value of -18 + 76 + (-4 - 7) + -21?
26
-4 - (1 + -51 - -6)
40
Calculate (-27 - (-7 + -86 - -20)) + (1 + -2 - -12).
57
What is -52 + 50 + 0 - (4 - -14)?
-20
What is the value of 2 + 7 + -12 + 217 + -271?
-57
What is the value of (5 - 13) + 19 - (2 + -12) - -9?
30
1 + -2 + (9 - 3 - 31) + -20
-46
Evaluate 163 + -210 - (-110 - 0).
63
What is 8 - (-9 - (6 - (63 - 11)))?
-29
12 - (7 - (-22 + -15 + 77))
45
What is the value of (-9 - (-2 + -42) - 7) + 22?
50
What is 34 - (12 - (-7 + -26))?
-11
Evaluate 2 + 4 + -13 + (2 + -16 - (0 + -63)).
42
(-12 + (25 - 7) - (5 + 3)) + -3
-5
-53 - -51 - (-34 - (14 + 14))
60
Evaluate (4 - 44) + (-3526 - -3631).
65
What is the value of -64 - -86 - (-10 - -1)?
31
Calculate 135 + -41 + 89 + -41.
142
(-52 + 94 - 37 - (4 + -105)) + -12
94
Calculate -19 + (14 - (22 + -8 - 5)).
-14
What is 10 + (-4 - -15) - 7 - 86?
-72
What is 17 + -2 - -4 - (-70 - (79 - 99))?
69
What is (-15 - -16) + 0 - 89 - 18 - -12?
-94
10 + -46 + (-22 - (14 - 17))
-55
What is -153 - -77 - -59 - (-2 + 29 + 2)?
-46
What is the value of 10 - 4 - (6 + 0 - (32 - -9 - 11))?
30
What is the value of (-3 - -2 - -2) + 6 + (-15 - 20)?
-28
(5 - (-25 - (-54 - -14))) + 21
11
What is -29 + -24 + 46 + 6?
-1
What is the value of (-25 - -144) + -29 - 38?
52
What is the value of 12 + -2 - (1408 + -1430)?
32
Calculate 1037 + -1047 + (22 - (3 - -1 - 2)).
10
What is (-16 - -32 - 13) + -7 - -18?
14
Calculate 3 + 24 + (600 - 586).
41
Calculate -12 + 6 - (-12 + 25 - 25).
6
33 - 50 - (-11 + 0 - -29)
-35
What is the value of 52 + -31 + -8 - 35?
-22
Evaluate -72 + -1 + (36 - 12 - 15) + (-4 - -3).
-65
Evaluate (8 + 1 - 20) + 17 + -7 + -8.
-9
What is -32 - (-7 - -20) - (-1 + -1 + -2)?
-41
Calculate 40 + (63 - 43 - (11 - (0 - -1))) + -1.
49
What is (76 + -74 - (-33 - -8)) + -8?
19
Calculate -769 + 788 + 0 + -13 + -44.
-38
Evaluate (3 - 3) + 3 + -2 + 15 + 69 + -63.
22
Calculate -17 + -50 + (17 - -35).
-15
-3 + (29 + -18 - 13) + 11
6
What is the value of 3251 + -3326 + (43 - -1) + -31?
-62
What is the value of 34 + -22 + 16 + -17 + -33?
-22
What is (2 - 7) + -33 + 18 + 49 + -85?
-56
Evaluate 36 + 14 - (-4 + 8 + -5 + (-68 - -58)).
61
What is the value of -9 + 48 - 78 - -55?
16
What is the value of 149 + -195 + (8 - (8 + -4))?
-42
Calculate 9 - ((2 + -2 + (-18 - -8) - -10) + -27).
36
43 - (-44 + 21) - (-6 + 5 - (-2 + 8))
73
Calculate -62 - (-63 + 54 + -133).
80
-130 - (-5 + -80) - -66
21
Calculate -100 - -146 - (7 - -3).
36
-26 + 74 + 4 + -39 - -58
71
What is the value of 47 - -5 - (157 - 124)?
19
Evaluate (5 + -7 + 28 + -14 - 23) + (0 - 36).
-47
Evaluate -57 + -1 + -2 - (1 + 6 + (-12 - -16)).
-71
What is -86 - (90 + -167) - (3 + 0 + 0 + 1)?
-13
What is -29 - (-5 + -3) - -20 - -12?
11
Evaluate ((-1 - -2) + 1 - -6 - (-31 + 36)) + -58.
-55
12 + (-24 - -29) + 3 - 8
12
What is (30 + -34 - (-2 - 71)) + (-324 - -325)?
70
Evaluate 2580 + -2519 - (-1 - (-2 + 1) - -16).
45
Calculate -390 + 369 + (17 - 2) + -12.
-18
Evaluate -1 + -76 + -1 - (1304 - 1297).
-85
-8 + 20 - (97 - 42 - 38)
-5
-22 + (-37 - (36 + (26 - 93)))
-28
Evalu